, 7, 43
What are the prime factors of 10072?
2, 1259
List the prime factors of 878.
2, 439
List the prime factors of 1420.
2, 5, 71
What are the prime factors of 16935?
3, 5, 1129
What are the prime factors of 628?
2, 157
List the prime factors of 469.
7, 67
List the prime factors of 30387.
3, 7, 1447
What are the prime factors of 33818?
2, 37, 457
List the prime factors of 451.
11, 41
What are the prime factors of 7381?
11, 61
What are the prime factors of 99003?
3, 61, 541
What are the prime factors of 1876?
2, 7, 67
What are the prime factors of 5350?
2, 5, 107
What are the prime factors of 784?
2, 7
What are the prime factors of 2438?
2, 23, 53
What are the prime factors of 8422?
2, 4211
What are the prime factors of 557?
557
List the prime factors of 5050.
2, 5, 101
What are the prime factors of 9161?
9161
List the prime factors of 4449.
3, 1483
List the prime factors of 23898.
2, 3, 7, 569
List the prime factors of 975.
3, 5, 13
List the prime factors of 5042.
2, 2521
What are the prime factors of 1892?
2, 11, 43
List the prime factors of 308.
2, 7, 11
What are the prime factors of 18519?
3, 6173
List the prime factors of 310.
2, 5, 31
What are the prime factors of 7586?
2, 3793
What are the prime factors of 11366?
2, 5683
List the prime factors of 5005.
5, 7, 11, 13
What are the prime factors of 718?
2, 359
What are the prime factors of 5111?
19, 269
List the prime factors of 502.
2, 251
What are the prime factors of 429?
3, 11, 13
What are the prime factors of 6740?
2, 5, 337
List the prime factors of 2165.
5, 433
List the prime factors of 27934.
2, 13967
What are the prime factors of 54840?
2, 3, 5, 457
List the prime factors of 17806.
2, 29, 307
What are the prime factors of 29678?
2, 11, 19, 71
What are the prime factors of 91?
7, 13
List the prime factors of 92551.
92551
What are the prime factors of 2604?
2, 3, 7, 31
What are the prime factors of 3770?
2, 5, 13, 29
List the prime factors of 1161.
3, 43
List the prime factors of 12904.
2, 1613
List the prime factors of 45424.
2, 17, 167
List the prime factors of 24615.
3, 5, 547
What are the prime factors of 41906?
2, 23, 911
List the prime factors of 65916.
2, 3, 1831
List the prime factors of 41128.
2, 53, 97
List the prime factors of 22681.
37, 613
List the prime factors of 163.
163
What are the prime factors of 102041?
67, 1523
What are the prime factors of 31568?
2, 1973
List the prime factors of 12.
2, 3
List the prime factors of 46458.
2, 3, 29, 89
List the prime factors of 4898.
2, 31, 79
List the prime factors of 3181.
3181
What are the prime factors of 3605?
5, 7, 103
List the prime factors of 3186.
2, 3, 59
List the prime factors of 662.
2, 331
What are the prime factors of 413?
7, 59
What are the prime factors of 41?
41
List the prime factors of 796.
2, 199
What are the prime factors of 52343?
17, 3079
What are the prime factors of 2143?
2143
List the prime factors of 1053.
3, 13
List the prime factors of 51967.
157, 331
List the prime factors of 1883.
7, 269
List the prime factors of 2398.
2, 11, 109
What are the prime factors of 502?
2, 251
What are the prime factors of 976?
2, 61
List the prime factors of 1099.
7, 157
List the prime factors of 101135.
5, 113, 179
List the prime factors of 1122.
2, 3, 11, 17
What are the prime factors of 1172?
2, 293
List the prime factors of 24212.
2, 6053
List the prime factors of 251.
251
List the prime factors of 5779.
5779
List the prime factors of 4351.
19, 229
What are the prime factors of 673?
673
List the prime factors of 31820.
2, 5, 37, 43
List the prime factors of 19563.
3, 6521
List the prime factors of 293.
293
List the prime factors of 6831.
3, 11, 23
What are the prime factors of 21924?
2, 3, 7, 29
List the prime factors of 61054.
2, 7, 89
List the prime factors of 92.
2, 23
List the prime factors of 3652.
2, 11, 83
List the prime factors of 8730.
2, 3, 5, 97
What are the prime factors of 14179?
11, 1289
What are the prime factors of 11229?
3, 19, 197
What are the prime factors of 6766?
2, 17, 199
What are the prime factors of 655?
5, 131
What are the prime factors of 192349?
23, 8363
List the prime factors of 43773.
3, 14591
List the prime factors of 2752.
2, 43
List the prime factors of 71052.
2, 3, 31, 191
What are the prime factors of 84739?
101, 839
What are the prime factors of 6068?
2, 37, 41
What are the prime factors of 13027?
7, 1861
List the prime factors of 5206.
2, 19, 137
What are the prime factors of 33642?
2, 3, 7, 89
List the prime factors of 116866.
2, 71, 823
List the prime factors of 521.
521
List the prime factors of 64930.
2, 5, 43, 151
What are the prime factors of 5499?
3, 13, 47
What are the prime factors of 28785?
3, 5, 19, 101
What are the prime factors of 51406?
2, 25703
What are the prime factors of 12188?
2, 11, 277
What are the prime factors of 1038?
2, 3, 173
What are the prime factors of 14371?
7, 2053
What are the prime factors of 209?
11, 19
What are the prime factors of 1203?
3, 401
What are the prime factors of 133101?
3, 23, 643
What are the prime factors of 78234?
2, 3, 13, 17, 59
List the prime factors of 986.
2, 17, 29
What are the prime factors of 4043?
13, 311
What are the prime factors of 1926?
2, 3, 107
What are the prime factors of 3719?
3719
List the prime factors of 24167.
11, 13
What are the prime factors of 1956?
2, 3, 163
List the prime factors of 1227.
3, 409
What are the prime factors of 4392?
2, 3, 61
What are the prime factors of 2637?
3, 293
What are the prime factors of 14107?
14107
What are the prime factors of 18823?
7, 2689
What are the prime factors of 1033?
1033
List the prime factors of 8357.
61, 137
What are the prime factors of 2609?
2609
What are the prime factors of 767?
13, 59
List the prime factors of 40057.
41, 977
List the prime factors of 56802.
2, 3, 9467
What are the prime factors of 1217?
1217
List the prime factors of 27999.
3, 17, 61
List the prime factors of 88.
2, 11
What are the prime factors of 4060?
2, 5, 7, 29
What are the prime factors of 12790?
2, 5, 1279
List the prime factors of 1689.
3, 563
List the prime factors of 529.
23
List the prime factors of 80643.
3, 26881
What are the prime factors of 25120?
2, 5, 157
What are the prime factors of 10433?
10433
What are the prime factors of 64432?
2, 4027
What are the prime factors of 1839?
3, 613
List the prime factors of 1612.
2, 13, 31
What are the prime factors of 13217?
13217
List the prime factors of 344.
2, 43
List the prime factors of 933.
3, 311
What are the prime factors of 5025?
3, 5, 67
List the prime factors of 51173.
73, 701
List the prime factors of 20447.
7, 23, 127
What are the prime factors of 1947?
3, 11, 59
List the prime factors of 16961.
7, 2423
List the prime factors of 55072.
2, 1721
What are the prime factors of 105553?
7, 17, 887
What are the prime factors of 2813?
29, 97
What are the prime factors of 39078?
2, 3, 13, 167
What are the prime factors of 1193?
1193
List the prime factors of 26589.
3, 8863
List the prime factors of 17431.
17431
What are the prime factors of 747?
3, 83
What are the prime factors of 94830?
2, 3, 5, 29, 109
What are the prime factors of 99210?
2, 3, 5, 3307
What are the prime factors of 5225?
5, 11, 19
List the prime factors of 11091.
3, 3697
List the prime factors of 1479.
3, 17, 29
List the prime factors of 6550.
2, 5, 131
What are the prime factors of 23?
23
List the prime factors of 113647.
113647
What are the prime factors of 97094?
2, 43, 1129
What are the prime factors of 858?
2, 3, 11, 13
List the prime factors of 3462.
2, 3, 577
What are the prime factors of 37257?
3, 11, 1129
What are the prime factors of 115357?
11, 10487
List the prime factors of 744.
2, 3, 31
List the prime factors of 39391.
11, 3581
What are the prime factors of 252?
2, 3, 7
List the prime factors of 18056.
2, 37, 61
List the prime factors of 431.
431
What are the prime factors of 331?
331
What are the prime factors of 12801?
3, 17, 251
List the prime factors of 24866.
2, 12433
What are the prime factors of 58071?
3, 13, 1489
What are the prime factors of 7075?
5, 283
What are the prime factors of 1524?
2, 3, 127
List the prime factors of 1277.
1277
What are the prime factors of 837?
3, 31
What are the prime factors of 5412?
2, 3, 11, 41
List the prime 